{"id":102,"date":"2025-12-08T21:29:55","date_gmt":"2025-12-08T21:29:55","guid":{"rendered":"https:\/\/homol.svarmodigital.net.br\/miradacoletiva\/?page_id=102"},"modified":"2025-12-10T00:25:18","modified_gmt":"2025-12-10T00:25:18","slug":"quem-somos","status":"publish","type":"page","link":"https:\/\/homol.svarmodigital.net.br\/miradacoletiva\/quem-somos\/","title":{"rendered":"Quem Somos"},"content":{"rendered":"\t\t<div data-elementor-type=\"wp-page\" data-elementor-id=\"102\" class=\"elementor elementor-102\" data-elementor-settings=\"{&quot;ha_cmc_init_switcher&quot;:&quot;no&quot;}\" data-elementor-post-type=\"page\">\n\t\t\t\t\t\t<section class=\"elementor-section elementor-top-section elementor-element elementor-element-1a984de elementor-section-boxed elementor-section-height-default elementor-section-height-default\" data-id=\"1a984de\" data-element_type=\"section\" data-settings=\"{&quot;background_background&quot;:&quot;classic&quot;,&quot;_ha_eqh_enable&quot;:false}\">\n\t\t\t\t\t\t<div class=\"elementor-container elementor-column-gap-default\">\n\t\t\t\t\t<div class=\"elementor-column elementor-col-100 elementor-top-column elementor-element elementor-element-404663f\" data-id=\"404663f\" data-element_type=\"column\">\n\t\t\t<div class=\"elementor-widget-wrap elementor-element-populated\">\n\t\t\t\t\t\t<section class=\"elementor-section elementor-inner-section elementor-element elementor-element-b2b40b4 elementor-section-full_width elementor-section-height-default elementor-section-height-default\" data-id=\"b2b40b4\" data-element_type=\"section\" data-settings=\"{&quot;_ha_eqh_enable&quot;:false}\">\n\t\t\t\t\t\t<div class=\"elementor-container elementor-column-gap-default\">\n\t\t\t\t\t<div class=\"elementor-column elementor-col-50 elementor-inner-column elementor-element elementor-element-e1e7069\" data-id=\"e1e7069\" data-element_type=\"column\">\n\t\t\t<div class=\"elementor-widget-wrap elementor-element-populated\">\n\t\t\t\t\t\t<div class=\"elementor-element elementor-element-3bd229c elementor-widget elementor-widget-heading\" data-id=\"3bd229c\" data-element_type=\"widget\" data-widget_type=\"heading.default\">\n\t\t\t\t\t<h2 class=\"elementor-heading-title elementor-size-default\">Mirada<br \/>\nColetiva<\/h2>\t\t\t\t<\/div>\n\t\t\t\t\t<\/div>\n\t\t<\/div>\n\t\t\t\t<div class=\"elementor-column elementor-col-50 elementor-inner-column elementor-element elementor-element-6ab97e6\" data-id=\"6ab97e6\" data-element_type=\"column\">\n\t\t\t<div class=\"elementor-widget-wrap elementor-element-populated\">\n\t\t\t\t\t\t<div class=\"elementor-element elementor-element-4e54017 elementor-widget elementor-widget-image\" data-id=\"4e54017\" data-element_type=\"widget\" data-widget_type=\"image.default\">\n\t\t\t\t\t\t\t\t\t\t\t\t\t\t\t<img fetchpriority=\"high\" decoding=\"async\" width=\"482\" height=\"288\" src=\"https:\/\/homol.svarmodigital.net.br\/miradacoletiva\/wp-content\/uploads\/2025\/12\/mosntrinho-piscandooo-1.gif\" class=\"attachment-large size-large wp-image-54\" alt=\"\" \/>\t\t\t\t\t\t\t\t\t\t\t\t\t\t\t<\/div>\n\t\t\t\t\t<\/div>\n\t\t<\/div>\n\t\t\t\t\t<\/div>\n\t\t<\/section>\n\t\t\t\t<section class=\"elementor-section elementor-inner-section elementor-element elementor-element-7862405 elementor-section-full_width elementor-section-height-default elementor-section-height-default\" data-id=\"7862405\" data-element_type=\"section\" data-settings=\"{&quot;_ha_eqh_enable&quot;:false}\">\n\t\t\t\t\t\t<div class=\"elementor-container elementor-column-gap-default\">\n\t\t\t\t\t<div class=\"elementor-column elementor-col-100 elementor-inner-column elementor-element elementor-element-b3eb8f6\" data-id=\"b3eb8f6\" data-element_type=\"column\">\n\t\t\t<div class=\"elementor-widget-wrap elementor-element-populated\">\n\t\t\t\t\t\t<div class=\"elementor-element elementor-element-a023aa2 elementor-widget elementor-widget-text-editor\" data-id=\"a023aa2\" data-element_type=\"widget\" data-widget_type=\"text-editor.default\">\n\t\t\t\t\t\t\t\t\t<p class=\"\"><strong>A Mirada Coletiva <\/strong>nasceu do desejo de fortalecer e difundir a trajet\u00f3ria criativa, combativa e pedag\u00f3gica do movimento LGBTI+ brasileiro, em prol de uma sociedade mais justa e melhor de se viver.\u00a0<\/p><p class=\"\">Fundada por\u00a0<strong>Nina Ferreira<\/strong>\u00a0e\u00a0<strong>L\u00e9lia de Castro<\/strong>, \u00e9 uma organiza\u00e7\u00e3o sem fins lucrativos que desde 2021 realiza atividades formativas e culturais diversas, com \u00eanfase em cultura, mem\u00f3ria e sa\u00fade da popula\u00e7\u00e3o LGBTI+.<\/p><p class=\"\"><br \/>Nossos principais projetos s\u00e3o a Cronologia<em>\u00a0LGBTI+<\/em>, e o\u00a0<em>Acervo Rosa Gauditanode fotografia e materiais impressos.<\/em><\/p>\t\t\t\t\t\t\t\t<\/div>\n\t\t\t\t\t<\/div>\n\t\t<\/div>\n\t\t\t\t\t<\/div>\n\t\t<\/section>\n\t\t\t\t<section class=\"elementor-section elementor-inner-section elementor-element elementor-element-4c1f37d elementor-section-full_width elementor-section-height-default elementor-section-height-default\" data-id=\"4c1f37d\" data-element_type=\"section\" data-settings=\"{&quot;_ha_eqh_enable&quot;:false}\">\n\t\t\t\t\t\t<div class=\"elementor-container elementor-column-gap-default\">\n\t\t\t\t\t<div class=\"elementor-column elementor-col-50 elementor-inner-column elementor-element elementor-element-b7e1913\" data-id=\"b7e1913\" data-element_type=\"column\">\n\t\t\t<div class=\"elementor-widget-wrap\">\n\t\t\t\t\t\t\t<\/div>\n\t\t<\/div>\n\t\t\t\t<div class=\"elementor-column elementor-col-50 elementor-inner-column elementor-element elementor-element-5d1045e\" data-id=\"5d1045e\" data-element_type=\"column\">\n\t\t\t<div class=\"elementor-widget-wrap elementor-element-populated\">\n\t\t\t\t\t\t<div class=\"elementor-element elementor-element-a6f99bd e-grid-align-left e-grid-align-mobile-center elementor-shape-rounded elementor-grid-0 elementor-widget elementor-widget-social-icons\" data-id=\"a6f99bd\" data-element_type=\"widget\" data-widget_type=\"social-icons.default\">\n\t\t\t\t\t\t\t<div class=\"elementor-social-icons-wrapper elementor-grid\" role=\"list\">\n\t\t\t\t\t\t\t<span class=\"elementor-grid-item\" role=\"listitem\">\n\t\t\t\t\t<a class=\"elementor-icon elementor-social-icon elementor-social-icon-instagram elementor-repeater-item-7e462c3\" href=\"https:\/\/www.instagram.com\/mirada.coletiva\/\" target=\"_blank\">\n\t\t\t\t\t\t<span class=\"elementor-screen-only\">Instagram<\/span>\n\t\t\t\t\t\t<svg aria-hidden=\"true\" class=\"e-font-icon-svg e-fab-instagram\" viewBox=\"0 0 448 512\" xmlns=\"http:\/\/www.w3.org\/2000\/svg\"><path d=\"M224.1 141c-63.6 0-114.9 51.3-114.9 114.9s51.3 114.9 114.9 114.9S339 319.5 339 255.9 287.7 141 224.1 141zm0 189.6c-41.1 0-74.7-33.5-74.7-74.7s33.5-74.7 74.7-74.7 74.7 33.5 74.7 74.7-33.6 74.7-74.7 74.7zm146.4-194.3c0 14.9-12 26.8-26.8 26.8-14.9 0-26.8-12-26.8-26.8s12-26.8 26.8-26.8 26.8 12 26.8 26.8zm76.1 27.2c-1.7-35.9-9.9-67.7-36.2-93.9-26.2-26.2-58-34.4-93.9-36.2-37-2.1-147.9-2.1-184.9 0-35.8 1.7-67.6 9.9-93.9 36.1s-34.4 58-36.2 93.9c-2.1 37-2.1 147.9 0 184.9 1.7 35.9 9.9 67.7 36.2 93.9s58 34.4 93.9 36.2c37 2.1 147.9 2.1 184.9 0 35.9-1.7 67.7-9.9 93.9-36.2 26.2-26.2 34.4-58 36.2-93.9 2.1-37 2.1-147.8 0-184.8zM398.8 388c-7.8 19.6-22.9 34.7-42.6 42.6-29.5 11.7-99.5 9-132.1 9s-102.7 2.6-132.1-9c-19.6-7.8-34.7-22.9-42.6-42.6-11.7-29.5-9-99.5-9-132.1s-2.6-102.7 9-132.1c7.8-19.6 22.9-34.7 42.6-42.6 29.5-11.7 99.5-9 132.1-9s102.7-2.6 132.1 9c19.6 7.8 34.7 22.9 42.6 42.6 11.7 29.5 9 99.5 9 132.1s2.7 102.7-9 132.1z\"><\/path><\/svg>\t\t\t\t\t<\/a>\n\t\t\t\t<\/span>\n\t\t\t\t\t\t\t<span class=\"elementor-grid-item\" role=\"listitem\">\n\t\t\t\t\t<a class=\"elementor-icon elementor-social-icon elementor-social-icon-envelope elementor-repeater-item-e922cb6\" href=\"mailto:coletiva.mirada@gmail.com\" target=\"_blank\">\n\t\t\t\t\t\t<span class=\"elementor-screen-only\">Envelope<\/span>\n\t\t\t\t\t\t<svg aria-hidden=\"true\" class=\"e-font-icon-svg e-far-envelope\" viewBox=\"0 0 512 512\" xmlns=\"http:\/\/www.w3.org\/2000\/svg\"><path d=\"M464 64H48C21.49 64 0 85.49 0 112v288c0 26.51 21.49 48 48 48h416c26.51 0 48-21.49 48-48V112c0-26.51-21.49-48-48-48zm0 48v40.805c-22.422 18.259-58.168 46.651-134.587 106.49-16.841 13.247-50.201 45.072-73.413 44.701-23.208.375-56.579-31.459-73.413-44.701C106.18 199.465 70.425 171.067 48 152.805V112h416zM48 400V214.398c22.914 18.251 55.409 43.862 104.938 82.646 21.857 17.205 60.134 55.186 103.062 54.955 42.717.231 80.509-37.199 103.053-54.947 49.528-38.783 82.032-64.401 104.947-82.653V400H48z\"><\/path><\/svg>\t\t\t\t\t<\/a>\n\t\t\t\t<\/span>\n\t\t\t\t\t<\/div>\n\t\t\t\t\t\t<\/div>\n\t\t\t\t\t<\/div>\n\t\t<\/div>\n\t\t\t\t\t<\/div>\n\t\t<\/section>\n\t\t\t\t\t<\/div>\n\t\t<\/div>\n\t\t\t\t\t<\/div>\n\t\t<\/section>\n\t\t\t\t<section class=\"elementor-section elementor-top-section elementor-element elementor-element-01495c2 elementor-section-boxed elementor-section-height-default elementor-section-height-default\" data-id=\"01495c2\" data-element_type=\"section\" data-settings=\"{&quot;background_background&quot;:&quot;classic&quot;,&quot;_ha_eqh_enable&quot;:false}\">\n\t\t\t\t\t\t<div class=\"elementor-container elementor-column-gap-default\">\n\t\t\t\t\t<div class=\"elementor-column elementor-col-100 elementor-top-column elementor-element elementor-element-cba98da\" data-id=\"cba98da\" data-element_type=\"column\">\n\t\t\t<div class=\"elementor-widget-wrap elementor-element-populated\">\n\t\t\t\t\t\t<div class=\"elementor-element elementor-element-d5ce7ba elementor-widget elementor-widget-heading\" data-id=\"d5ce7ba\" data-element_type=\"widget\" data-widget_type=\"heading.default\">\n\t\t\t\t\t<h2 class=\"elementor-heading-title elementor-size-default\">Quem faz a mirada<\/h2>\t\t\t\t<\/div>\n\t\t\t\t<section class=\"elementor-section elementor-inner-section elementor-element elementor-element-95032b1 elementor-section-boxed elementor-section-height-default elementor-section-height-default\" data-id=\"95032b1\" data-element_type=\"section\" data-settings=\"{&quot;_ha_eqh_enable&quot;:false}\">\n\t\t\t\t\t\t<div class=\"elementor-container elementor-column-gap-default\">\n\t\t\t\t\t<div class=\"elementor-column elementor-col-50 elementor-inner-column elementor-element elementor-element-a98fad2\" data-id=\"a98fad2\" data-element_type=\"column\">\n\t\t\t<div class=\"elementor-widget-wrap elementor-element-populated\">\n\t\t\t\t\t\t<div class=\"elementor-element elementor-element-524de6a elementor-widget elementor-widget-image\" data-id=\"524de6a\" data-element_type=\"widget\" data-widget_type=\"image.default\">\n\t\t\t\t\t\t\t\t\t\t\t\t\t\t\t<img decoding=\"async\" width=\"800\" height=\"800\" src=\"https:\/\/homol.svarmodigital.net.br\/miradacoletiva\/wp-content\/uploads\/2025\/12\/IMG-20240429-WA0010-1024x1024.jpg\" class=\"attachment-large size-large wp-image-554\" alt=\"\" srcset=\"https:\/\/homol.svarmodigital.net.br\/miradacoletiva\/wp-content\/uploads\/2025\/12\/IMG-20240429-WA0010-1024x1024.jpg 1024w, https:\/\/homol.svarmodigital.net.br\/miradacoletiva\/wp-content\/uploads\/2025\/12\/IMG-20240429-WA0010-300x300.jpg 300w, https:\/\/homol.svarmodigital.net.br\/miradacoletiva\/wp-content\/uploads\/2025\/12\/IMG-20240429-WA0010-150x150.jpg 150w, https:\/\/homol.svarmodigital.net.br\/miradacoletiva\/wp-content\/uploads\/2025\/12\/IMG-20240429-WA0010-768x769.jpg 768w, https:\/\/homol.svarmodigital.net.br\/miradacoletiva\/wp-content\/uploads\/2025\/12\/IMG-20240429-WA0010.jpg 1080w\" sizes=\"(max-width: 800px) 100vw, 800px\" \/>\t\t\t\t\t\t\t\t\t\t\t\t\t\t\t<\/div>\n\t\t\t\t<div class=\"elementor-element elementor-element-5f65fcb elementor-widget elementor-widget-heading\" data-id=\"5f65fcb\" data-element_type=\"widget\" data-widget_type=\"heading.default\">\n\t\t\t\t\t<h2 class=\"elementor-heading-title elementor-size-default\">L\u00e9lia de Castro<\/h2>\t\t\t\t<\/div>\n\t\t\t\t<div class=\"elementor-element elementor-element-abae02f elementor-widget elementor-widget-text-editor\" data-id=\"abae02f\" data-element_type=\"widget\" data-widget_type=\"text-editor.default\">\n\t\t\t\t\t\t\t\t\t<p class=\"\">Sapat\u00e3o, branca, gorda maior. Produtora cultural, pedagoga, doula e integrante da Mirada Coletiva. A maioria dos seus projetos e produ\u00e7\u00f5es culturais s\u00e3o direcionados \u00e0 popula\u00e7\u00e3o LBTs (l\u00e9sbicas, sapat\u00e3o, travestis, pessoas trans e mulheres bis). Em junho de 2024, recebeu uma Mo\u00e7\u00e3o de Louvor da C\u00e2mera Legislativa do Distrito Federal, pelo seu ativismo em prol da comunidade LGBT+<\/p>\t\t\t\t\t\t\t\t<\/div>\n\t\t\t\t\t<\/div>\n\t\t<\/div>\n\t\t\t\t<div class=\"elementor-column elementor-col-50 elementor-inner-column elementor-element elementor-element-b3109bf\" data-id=\"b3109bf\" data-element_type=\"column\">\n\t\t\t<div class=\"elementor-widget-wrap elementor-element-populated\">\n\t\t\t\t\t\t<div class=\"elementor-element elementor-element-93a0d4a elementor-widget elementor-widget-image\" data-id=\"93a0d4a\" data-element_type=\"widget\" data-widget_type=\"image.default\">\n\t\t\t\t\t\t\t\t\t\t\t\t\t\t\t<img decoding=\"async\" width=\"488\" height=\"516\" src=\"https:\/\/homol.svarmodigital.net.br\/miradacoletiva\/wp-content\/uploads\/2025\/12\/nina-ferreiro.jpg\" class=\"attachment-full size-full wp-image-136\" alt=\"\" srcset=\"https:\/\/homol.svarmodigital.net.br\/miradacoletiva\/wp-content\/uploads\/2025\/12\/nina-ferreiro.jpg 488w, https:\/\/homol.svarmodigital.net.br\/miradacoletiva\/wp-content\/uploads\/2025\/12\/nina-ferreiro-284x300.jpg 284w\" sizes=\"(max-width: 488px) 100vw, 488px\" \/>\t\t\t\t\t\t\t\t\t\t\t\t\t\t\t<\/div>\n\t\t\t\t<div class=\"elementor-element elementor-element-3e694a3 elementor-widget elementor-widget-heading\" data-id=\"3e694a3\" data-element_type=\"widget\" data-widget_type=\"heading.default\">\n\t\t\t\t\t<h2 class=\"elementor-heading-title elementor-size-default\">Nina Ferreira Barreto<\/h2>\t\t\t\t<\/div>\n\t\t\t\t<div class=\"elementor-element elementor-element-cc5f19d elementor-widget elementor-widget-text-editor\" data-id=\"cc5f19d\" data-element_type=\"widget\" data-widget_type=\"text-editor.default\">\n\t\t\t\t\t\t\t\t\t<p class=\"\">Nina \u00e9 artista e co-fundadora da organiza\u00e7\u00e3o Mirada Coletiva. Elabora e executa projetos culturais diversos, em especial aqueles voltados para a popula\u00e7\u00e3o negra e para a popula\u00e7\u00e3o LGBTI+. Por sua atua\u00e7\u00e3o como agente cultural, recebeu os pr\u00eamios Dulcina de Maores (2024) e Gran Circular (2020).<\/p>\t\t\t\t\t\t\t\t<\/div>\n\t\t\t\t\t<\/div>\n\t\t<\/div>\n\t\t\t\t\t<\/div>\n\t\t<\/section>\n\t\t\t\t\t<\/div>\n\t\t<\/div>\n\t\t\t\t\t<\/div>\n\t\t<\/section>\n\t\t\t\t<section class=\"elementor-section elementor-top-section elementor-element elementor-element-e32bd00 elementor-hidden-desktop elementor-hidden-tablet elementor-hidden-mobile elementor-section-boxed elementor-section-height-default elementor-section-height-default\" data-id=\"e32bd00\" data-element_type=\"section\" data-settings=\"{&quot;background_background&quot;:&quot;classic&quot;,&quot;_ha_eqh_enable&quot;:false}\">\n\t\t\t\t\t\t<div class=\"elementor-container elementor-column-gap-default\">\n\t\t\t\t\t<div class=\"elementor-column elementor-col-100 elementor-top-column elementor-element elementor-element-111195d\" data-id=\"111195d\" data-element_type=\"column\">\n\t\t\t<div class=\"elementor-widget-wrap elementor-element-populated\">\n\t\t\t\t\t\t<div class=\"elementor-element elementor-element-0240c7e elementor-widget elementor-widget-heading\" data-id=\"0240c7e\" data-element_type=\"widget\" data-widget_type=\"heading.default\">\n\t\t\t\t\t<h2 class=\"elementor-heading-title elementor-size-default\">TRAJET\u00d3RIA<\/h2>\t\t\t\t<\/div>\n\t\t\t\t<section class=\"elementor-section elementor-inner-section elementor-element elementor-element-ac9975e elementor-section-full_width elementor-section-height-default elementor-section-height-default\" data-id=\"ac9975e\" data-element_type=\"section\" data-settings=\"{&quot;_ha_eqh_enable&quot;:false}\">\n\t\t\t\t\t\t<div class=\"elementor-container elementor-column-gap-default\">\n\t\t\t\t\t<div class=\"elementor-column elementor-col-50 elementor-inner-column elementor-element elementor-element-c288ac5\" data-id=\"c288ac5\" data-element_type=\"column\">\n\t\t\t<div class=\"elementor-widget-wrap elementor-element-populated\">\n\t\t\t\t\t\t<div class=\"elementor-element elementor-element-0258a39 elementor-widget elementor-widget-heading\" data-id=\"0258a39\" data-element_type=\"widget\" data-widget_type=\"heading.default\">\n\t\t\t\t\t<h2 class=\"elementor-heading-title elementor-size-default\">2020<\/h2>\t\t\t\t<\/div>\n\t\t\t\t<div class=\"elementor-element elementor-element-4973266 elementor-widget elementor-widget-text-editor\" data-id=\"4973266\" data-element_type=\"widget\" data-widget_type=\"text-editor.default\">\n\t\t\t\t\t\t\t\t\t<p class=\"\">Curto-circuito, Mostra de videos na Usina do Gas\u00f4metro | Porto Alegre<br \/>Louva-a-deus, organiza\u00e7\u00e3o da Mostra de v\u00eddeo-arte ambulante | Porto Alegre<br \/>Troca-se sonhos, performance na VIII Bienal do Rec\u00f4ncavo Baiano | Bahia<\/p>\t\t\t\t\t\t\t\t<\/div>\n\t\t\t\t<div class=\"elementor-element elementor-element-3ad8770 elementor-widget elementor-widget-heading\" data-id=\"3ad8770\" data-element_type=\"widget\" data-widget_type=\"heading.default\">\n\t\t\t\t\t<h2 class=\"elementor-heading-title elementor-size-default\">2021<\/h2>\t\t\t\t<\/div>\n\t\t\t\t<div class=\"elementor-element elementor-element-f582d3f elementor-widget elementor-widget-text-editor\" data-id=\"f582d3f\" data-element_type=\"widget\" data-widget_type=\"text-editor.default\">\n\t\t\t\t\t\t\t\t\t<p class=\"\">Matadeiro, publica\u00e7\u00e3o na Revista Boca | Recife<br \/>Mergulho em Recife, Bolsa do SPA das Artes, Recife | PE<br \/>Mergulho, exposi\u00e7\u00e3o do coletivo na Galeria de Arte do DMAE | Porto Alegre<\/p>\t\t\t\t\t\t\t\t<\/div>\n\t\t\t\t<div class=\"elementor-element elementor-element-29fec9b elementor-widget elementor-widget-heading\" data-id=\"29fec9b\" data-element_type=\"widget\" data-widget_type=\"heading.default\">\n\t\t\t\t\t<h2 class=\"elementor-heading-title elementor-size-default\">2022<\/h2>\t\t\t\t<\/div>\n\t\t\t\t<div class=\"elementor-element elementor-element-6108629 elementor-widget elementor-widget-text-editor\" data-id=\"6108629\" data-element_type=\"widget\" data-widget_type=\"text-editor.default\">\n\t\t\t\t\t\t\t\t\t<p class=\"\">Gramas urbanas, interven\u00e7\u00e3o na Avenida Paulista durante o EIA &#8211; Experi\u00eancia Imersiva Ambiental | S\u00e3o Paulo<br \/>Espa\u00e7os po\u00e9ticos, interven\u00e7\u00e3o Escola de Belas Artes da UFMG Enearte | MG<\/p>\t\t\t\t\t\t\t\t<\/div>\n\t\t\t\t\t<\/div>\n\t\t<\/div>\n\t\t\t\t<div class=\"elementor-column elementor-col-50 elementor-inner-column elementor-element elementor-element-2eaf755\" data-id=\"2eaf755\" data-element_type=\"column\">\n\t\t\t<div class=\"elementor-widget-wrap elementor-element-populated\">\n\t\t\t\t\t\t<div class=\"elementor-element elementor-element-094711b elementor-widget elementor-widget-heading\" data-id=\"094711b\" data-element_type=\"widget\" data-widget_type=\"heading.default\">\n\t\t\t\t\t<h2 class=\"elementor-heading-title elementor-size-default\">2020<\/h2>\t\t\t\t<\/div>\n\t\t\t\t<div class=\"elementor-element elementor-element-11fba26 elementor-widget elementor-widget-text-editor\" data-id=\"11fba26\" data-element_type=\"widget\" data-widget_type=\"text-editor.default\">\n\t\t\t\t\t\t\t\t\t<p class=\"\">Curto-circuito, Mostra de videos na Usina do Gas\u00f4metro | Porto Alegre<br \/>Louva-a-deus, organiza\u00e7\u00e3o da Mostra de v\u00eddeo-arte ambulante | Porto Alegre<br \/>Troca-se sonhos, performance na VIII Bienal do Rec\u00f4ncavo Baiano | Bahia<\/p>\t\t\t\t\t\t\t\t<\/div>\n\t\t\t\t<div class=\"elementor-element elementor-element-475b68b elementor-widget elementor-widget-heading\" data-id=\"475b68b\" data-element_type=\"widget\" data-widget_type=\"heading.default\">\n\t\t\t\t\t<h2 class=\"elementor-heading-title elementor-size-default\">2021<\/h2>\t\t\t\t<\/div>\n\t\t\t\t<div class=\"elementor-element elementor-element-797e6a5 elementor-widget elementor-widget-text-editor\" data-id=\"797e6a5\" data-element_type=\"widget\" data-widget_type=\"text-editor.default\">\n\t\t\t\t\t\t\t\t\t<p class=\"\">Matadeiro, publica\u00e7\u00e3o na Revista Boca | Recife<br \/>Mergulho em Recife, Bolsa do SPA das Artes, Recife | PE<br \/>Mergulho, exposi\u00e7\u00e3o do coletivo na Galeria de Arte do DMAE | Porto Alegre<\/p>\t\t\t\t\t\t\t\t<\/div>\n\t\t\t\t<div class=\"elementor-element elementor-element-828bb77 elementor-widget elementor-widget-heading\" data-id=\"828bb77\" data-element_type=\"widget\" data-widget_type=\"heading.default\">\n\t\t\t\t\t<h2 class=\"elementor-heading-title elementor-size-default\">2022<\/h2>\t\t\t\t<\/div>\n\t\t\t\t<div class=\"elementor-element elementor-element-cc75c86 elementor-widget elementor-widget-text-editor\" data-id=\"cc75c86\" data-element_type=\"widget\" data-widget_type=\"text-editor.default\">\n\t\t\t\t\t\t\t\t\t<p class=\"\">Gramas urbanas, interven\u00e7\u00e3o na Avenida Paulista durante o EIA &#8211; Experi\u00eancia Imersiva Ambiental | S\u00e3o Paulo<br \/>Espa\u00e7os po\u00e9ticos, interven\u00e7\u00e3o Escola de Belas Artes da UFMG Enearte | MG<\/p>\t\t\t\t\t\t\t\t<\/div>\n\t\t\t\t\t<\/div>\n\t\t<\/div>\n\t\t\t\t\t<\/div>\n\t\t<\/section>\n\t\t\t\t\t<\/div>\n\t\t<\/div>\n\t\t\t\t\t<\/div>\n\t\t<\/section>\n\t\t\t\t<\/div>\n\t\t","protected":false},"excerpt":{"rendered":"<p>Mirada Coletiva A Mirada Coletiva nasceu do desejo de fortalecer e difundir a trajet\u00f3ria criativa, combativa e pedag\u00f3gica do movimento LGBTI+ brasileiro, em prol de uma sociedade mais justa e melhor de se viver.\u00a0 Fundada por\u00a0Nina Ferreira\u00a0e\u00a0L\u00e9lia de Castro, \u00e9 uma organiza\u00e7\u00e3o sem fins lucrativos que desde 2021 realiza atividades formativas e culturais diversas, com [&hellip;]<\/p>\n","protected":false},"author":1,"featured_media":0,"parent":0,"menu_order":0,"comment_status":"closed","ping_status":"closed","template":"elementor_header_footer","meta":{"footnotes":""},"class_list":["post-102","page","type-page","status-publish","hentry"],"_links":{"self":[{"href":"https:\/\/homol.svarmodigital.net.br\/miradacoletiva\/wp-json\/wp\/v2\/pages\/102","targetHints":{"allow":["GET"]}}],"collection":[{"href":"https:\/\/homol.svarmodigital.net.br\/miradacoletiva\/wp-json\/wp\/v2\/pages"}],"about":[{"href":"https:\/\/homol.svarmodigital.net.br\/miradacoletiva\/wp-json\/wp\/v2\/types\/page"}],"author":[{"embeddable":true,"href":"https:\/\/homol.svarmodigital.net.br\/miradacoletiva\/wp-json\/wp\/v2\/users\/1"}],"replies":[{"embeddable":true,"href":"https:\/\/homol.svarmodigital.net.br\/miradacoletiva\/wp-json\/wp\/v2\/comments?post=102"}],"version-history":[{"count":35,"href":"https:\/\/homol.svarmodigital.net.br\/miradacoletiva\/wp-json\/wp\/v2\/pages\/102\/revisions"}],"predecessor-version":[{"id":561,"href":"https:\/\/homol.svarmodigital.net.br\/miradacoletiva\/wp-json\/wp\/v2\/pages\/102\/revisions\/561"}],"wp:attachment":[{"href":"https:\/\/homol.svarmodigital.net.br\/miradacoletiva\/wp-json\/wp\/v2\/media?parent=102"}],"curies":[{"name":"wp","href":"https:\/\/api.w.org\/{rel}","templated":true}]}}